{"id":1148,"date":"2018-10-26T13:10:03","date_gmt":"2018-10-26T13:10:03","guid":{"rendered":"http:\/\/dolcino.mikado-themes.com\/?page_id=1148"},"modified":"2024-10-04T08:24:22","modified_gmt":"2024-10-04T08:24:22","slug":"menu","status":"publish","type":"page","link":"https:\/\/karalis-glyka.gr\/index.php\/menu\/","title":{"rendered":"Menu"},"content":{"rendered":"<div class=\"wpb-content-wrapper\"><p>[vc_row row_content_width=&#8221;grid&#8221; css=&#8221;.vc_custom_1728029955906{padding-top: 128px !important;padding-bottom: 136px !important;}&#8221; parallax_background_image=&#8221;5609&#8243;][vc_column width=&#8221;7\/12&#8243; offset=&#8221;vc_col-lg-5 vc_col-md-6 vc_col-xs-12&#8243;][vc_column_text]<\/p>\n<h3>cake menu<\/h3>\n<p>[\/vc_column_text][vc_empty_space height=&#8221;21px&#8221;]<div class=\"mkdf-separator-holder clearfix  mkdf-separator-left mkdf-separator-advanced-left mkdf-separator-advanced\">\n\t<div class=\"mkdf-separator\" >\n                    <div class=\"mkdf-adv-sep-inner\">\n                <div class=\"mkdf-adv-sep-line\"  ><\/div>\n                <div class=\"mkdf-adv-sep-dot\"  ><\/div>\n            <\/div>\n            <\/div>\n<\/div>\n[vc_empty_space height=&#8221;11px&#8221;]<div class=\"mkdf-restaurant-menu-list mkdf-rml-light\"><ul class=\"mkdf-rml-holder\"><li class=\"mkdf-rml-item clearfix\">\n\t\t<div class=\"mkdf-rml-item-content\">\n\t\t<div class=\"mkdf-rml-top-holder\">\n\t\t\t<div class=\"mkdf-rml-title-holder\">\n\t\t\t\t<h5 class=\"mkdf-rml-title\">\n\t\t\t\t\tBUENO\t\t\t\t<\/h5>\n\t\t\t<\/div>\n\t\t<\/div>\n\t\t<div class=\"mkdf-rml-bottom-holder clearfix\">\n\t\t\t\t\t\t<div class=\"mkdf-rml-description-holder\">\n\t\t\t\t\u03c3\u03bf\u03c5\u03b4\u03ac\u03ba\u03b9, \u03ba\u03c1\u03ad\u03bc\u03b1 \u03c0\u03c1\u03bf\u03c6\u03b9\u03c4\u03b5\u03c1\u03cc\u03bb, \u03ba\u03c1\u03ad\u03bc\u03b1 \u03b2\u03b1\u03bd\u03af\u03bb\u03b9\u03b1, \u03ba\u03c1\u03ad\u03bc\u03b1 bueno.\t\t\t<\/div>\n\t\t\t\n            <div class=\"mkdf-rml-line\"><\/div>\n\n            \n\t\t\t\t\t<\/div>\n\t<\/div>\n\n<\/li><li class=\"mkdf-rml-item clearfix\">\n\t\t<div class=\"mkdf-rml-item-content\">\n\t\t<div class=\"mkdf-rml-top-holder\">\n\t\t\t<div class=\"mkdf-rml-title-holder\">\n\t\t\t\t<h5 class=\"mkdf-rml-title\">\n\t\t\t\t\tSNEAKERS\t\t\t\t<\/h5>\n\t\t\t<\/div>\n\t\t<\/div>\n\t\t<div class=\"mkdf-rml-bottom-holder clearfix\">\n\t\t\t\t\t\t<div class=\"mkdf-rml-description-holder\">\n\t\t\t\t\u03c0\u03b1\u03bd\u03c4\u03b5\u03c3\u03c0\u03ac\u03bd\u03b9 \u03ba\u03b1\u03ba\u03ac\u03bf, \u03ba\u03c1\u03ad\u03bc\u03b1 \u03c6\u03c5\u03c3\u03c4\u03b9\u03ba\u03bf\u03b2\u03bf\u03cd\u03c4\u03c5\u03c1\u03bf, \u03ba\u03c1\u03ad\u03bc\u03b1 \u03ba\u03b1\u03c1\u03b1\u03bc\u03ad\u03bb\u03b1 \u03ba\u03b1\u03b9 \u03c6\u03c5\u03c3\u03c4\u03af\u03ba\u03b9 peanuts.\t\t\t<\/div>\n\t\t\t\n            <div class=\"mkdf-rml-line\"><\/div>\n\n            \n\t\t\t\t\t<\/div>\n\t<\/div>\n\n<\/li><li class=\"mkdf-rml-item clearfix\">\n\t\t<div class=\"mkdf-rml-item-content\">\n\t\t<div class=\"mkdf-rml-top-holder\">\n\t\t\t<div class=\"mkdf-rml-title-holder\">\n\t\t\t\t<h5 class=\"mkdf-rml-title\">\n\t\t\t\t\tFOUR CHOCO\t\t\t\t<\/h5>\n\t\t\t<\/div>\n\t\t<\/div>\n\t\t<div class=\"mkdf-rml-bottom-holder clearfix\">\n\t\t\t\t\t\t<div class=\"mkdf-rml-description-holder\">\n\t\t\t\t\u03b2\u03ac\u03c3\u03b7 brownies, monte \u03b3\u03ac\u03bb\u03b1\u03ba\u03c4\u03bf\u03c2(\u03b5\u03af\u03b4\u03bf\u03c2 \u03ba\u03c1\u03ad\u03bc\u03b1\u03c2), \u03c0\u03b1\u03bd\u03c4\u03b5\u03c3\u03c0\u03ac\u03bd\u03b9 \u03ba\u03b1\u03ba\u03ac\u03bf, serano (\u03b5\u03af\u03b4\u03bf\u03c2 \u03ba\u03c1\u03ad\u03bc\u03b1\u03c2) \u03ba\u03b1\u03b9 \u03b5\u03c0\u03b9\u03ba\u03ac\u03bb\u03c5\u03c8\u03b7 \u03c3\u03bf\u03ba\u03bf\u03bb\u03ac\u03c4\u03b1\u03c2 \u03c5\u03b3\u03b5\u03af\u03b1\u03c2 \u03bc\u03b5 \u03ba\u03b1\u03c1\u03b1\u03bc\u03b5\u03bb\u03c9\u03bc\u03ad\u03bd\u03b1 \u03b1\u03bc\u03cd\u03b3\u03b4\u03b1\u03bb\u03b1.\t\t\t<\/div>\n\t\t\t\n            <div class=\"mkdf-rml-line\"><\/div>\n\n            \n\t\t\t\t\t<\/div>\n\t<\/div>\n\n<\/li><li class=\"mkdf-rml-item clearfix\">\n\t\t<div class=\"mkdf-rml-item-content\">\n\t\t<div class=\"mkdf-rml-top-holder\">\n\t\t\t<div class=\"mkdf-rml-title-holder\">\n\t\t\t\t<h5 class=\"mkdf-rml-title\">\n\t\t\t\t\tRED VELVET\t\t\t\t<\/h5>\n\t\t\t<\/div>\n\t\t<\/div>\n\t\t<div class=\"mkdf-rml-bottom-holder clearfix\">\n\t\t\t\t\t\t<div class=\"mkdf-rml-description-holder\">\n\t\t\t\t\u03c0\u03b1\u03bd\u03c4\u03b5\u03c3\u03c0\u03ac\u03bd\u03b9 \u03bc\u03b5 \u03b3\u03b5\u03cd\u03c3\u03b7 \u03c6\u03c1\u03ac\u03bf\u03c5\u03bb\u03b1-\u03c1\u03cc\u03b4\u03b9, \u03ba\u03c1\u03ad\u03bc\u03b1 \u03b2\u03b1\u03bd\u03af\u03bb\u03b9\u03b1\u03c2 \u03bc\u03b5 \u03c0\u03c1\u03bf\u03c3\u03b8\u03ae\u03ba\u03b7 \u03c4\u03c5\u03c1\u03b9\u03bf\u03cd.\t\t\t<\/div>\n\t\t\t\n            <div class=\"mkdf-rml-line\"><\/div>\n\n            \n\t\t\t\t\t<\/div>\n\t<\/div>\n\n<\/li><\/ul><\/div>[\/vc_column][\/vc_row][vc_row row_content_width=&#8221;grid&#8221; css=&#8221;.vc_custom_1728030001608{padding-top: 128px !important;padding-bottom: 136px !important;}&#8221; parallax_background_image=&#8221;5612&#8243;][vc_column width=&#8221;7\/12&#8243; offset=&#8221;vc_col-lg-offset-7 vc_col-lg-5 vc_col-md-offset-6 vc_col-md-6 vc_col-sm-offset-5 vc_col-xs-12&#8243;][vc_column_text]<\/p>\n<h3>True Delight<\/h3>\n<p>[\/vc_column_text][vc_empty_space height=&#8221;21px&#8221;]<div class=\"mkdf-separator-holder clearfix  mkdf-separator-left mkdf-separator-advanced-left mkdf-separator-advanced\">\n\t<div class=\"mkdf-separator\" >\n                    <div class=\"mkdf-adv-sep-inner\">\n                <div class=\"mkdf-adv-sep-line\"  ><\/div>\n                <div class=\"mkdf-adv-sep-dot\"  ><\/div>\n            <\/div>\n            <\/div>\n<\/div>\n[vc_empty_space height=&#8221;11px&#8221;]<div class=\"mkdf-restaurant-menu-list mkdf-rml-light\"><ul class=\"mkdf-rml-holder\"><li class=\"mkdf-rml-item clearfix\">\n\t\t<div class=\"mkdf-rml-item-content\">\n\t\t<div class=\"mkdf-rml-top-holder\">\n\t\t\t<div class=\"mkdf-rml-title-holder\">\n\t\t\t\t<h5 class=\"mkdf-rml-title\">\n\t\t\t\t\tCoconut Truffle\t\t\t\t<\/h5>\n\t\t\t<\/div>\n\t\t<\/div>\n\t\t<div class=\"mkdf-rml-bottom-holder clearfix\">\n\t\t\t\t\t\t<div class=\"mkdf-rml-description-holder\">\n\t\t\t\tCream, cockies, biscuites, hazelnut\t\t\t<\/div>\n\t\t\t\n            <div class=\"mkdf-rml-line\"><\/div>\n\n            \n\t\t\t\t\t<\/div>\n\t<\/div>\n\n<\/li><li class=\"mkdf-rml-item clearfix\">\n\t\t<div class=\"mkdf-rml-item-content\">\n\t\t<div class=\"mkdf-rml-top-holder\">\n\t\t\t<div class=\"mkdf-rml-title-holder\">\n\t\t\t\t<h5 class=\"mkdf-rml-title\">\n\t\t\t\t\tAlmond Cube\t\t\t\t<\/h5>\n\t\t\t<\/div>\n\t\t<\/div>\n\t\t<div class=\"mkdf-rml-bottom-holder clearfix\">\n\t\t\t\t\t\t<div class=\"mkdf-rml-description-holder\">\n\t\t\t\tAlmond, cockies, biscuites, cream\t\t\t<\/div>\n\t\t\t\n            <div class=\"mkdf-rml-line\"><\/div>\n\n            \n\t\t\t\t\t<\/div>\n\t<\/div>\n\n<\/li><li class=\"mkdf-rml-item clearfix\">\n\t\t<div class=\"mkdf-rml-item-content\">\n\t\t<div class=\"mkdf-rml-top-holder\">\n\t\t\t<div class=\"mkdf-rml-title-holder\">\n\t\t\t\t<h5 class=\"mkdf-rml-title\">\n\t\t\t\t\tWhiskey cream cake\t\t\t\t<\/h5>\n\t\t\t<\/div>\n\t\t<\/div>\n\t\t<div class=\"mkdf-rml-bottom-holder clearfix\">\n\t\t\t\t\t\t<div class=\"mkdf-rml-description-holder\">\n\t\t\t\tWhiskey, cream, cockies, biscuites\t\t\t<\/div>\n\t\t\t\n            <div class=\"mkdf-rml-line\"><\/div>\n\n            \n\t\t\t\t\t<\/div>\n\t<\/div>\n\n<\/li><li class=\"mkdf-rml-item clearfix\">\n\t\t<div class=\"mkdf-rml-item-content\">\n\t\t<div class=\"mkdf-rml-top-holder\">\n\t\t\t<div class=\"mkdf-rml-title-holder\">\n\t\t\t\t<h5 class=\"mkdf-rml-title\">\n\t\t\t\t\tCr\u00e8me br\u00fbl\u00e9e\t\t\t\t<\/h5>\n\t\t\t<\/div>\n\t\t<\/div>\n\t\t<div class=\"mkdf-rml-bottom-holder clearfix\">\n\t\t\t\t\t\t<div class=\"mkdf-rml-description-holder\">\n\t\t\t\tCaramel, cream, cockies, almond\t\t\t<\/div>\n\t\t\t\n            <div class=\"mkdf-rml-line\"><\/div>\n\n            \n\t\t\t\t\t<\/div>\n\t<\/div>\n\n<\/li><li class=\"mkdf-rml-item clearfix\">\n\t\t<div class=\"mkdf-rml-item-content\">\n\t\t<div class=\"mkdf-rml-top-holder\">\n\t\t\t<div class=\"mkdf-rml-title-holder\">\n\t\t\t\t<h5 class=\"mkdf-rml-title\">\n\t\t\t\t\t\u039a\u0391\u03a4\u0391\u039b\u0391\u039d\u0391\t\t\t\t<\/h5>\n\t\t\t<\/div>\n\t\t<\/div>\n\t\t<div class=\"mkdf-rml-bottom-holder clearfix\">\n\t\t\t\t\t\t<div class=\"mkdf-rml-description-holder\">\n\t\t\t\tBrownies \u03ba\u03c1\u03ad\u03bc\u03b1 \u03b2\u03b1\u03bd\u03af\u03bb\u03b9\u03b1 \u03c4\u03cd\u03c0\u03bf\u03c5 \u03c0\u03b1\u03bd\u03b1\u03ba\u03cc\u03c4\u03b1 \u03bc\u03b5 \u03c3\u03b9\u03c1\u03cc\u03c0\u03b9 \u03ba\u03b1\u03c1\u03b1\u03bc\u03ad\u03bb\u03b1\u03c2.\t\t\t<\/div>\n\t\t\t\n            <div class=\"mkdf-rml-line\"><\/div>\n\n            \n\t\t\t\t\t<\/div>\n\t<\/div>\n\n<\/li><li class=\"mkdf-rml-item clearfix\">\n\t\t<div class=\"mkdf-rml-item-content\">\n\t\t<div class=\"mkdf-rml-top-holder\">\n\t\t\t<div class=\"mkdf-rml-title-holder\">\n\t\t\t\t<h5 class=\"mkdf-rml-title\">\n\t\t\t\t\t\u0393\u039a\u0399\u039f\u03a5\u0396\u0395\u039b\t\t\t\t<\/h5>\n\t\t\t<\/div>\n\t\t<\/div>\n\t\t<div class=\"mkdf-rml-bottom-holder clearfix\">\n\t\t\t\t\t\t<div class=\"mkdf-rml-description-holder\">\n\t\t\t\t\u03c3\u03b9\u03c1\u03bf\u03c0\u03b9\u03b1\u03c3\u03bc\u03ad\u03bd\u03bf \u03ba\u03b1\u03bd\u03c4\u03b1\u03af\u03c6\u03b9 \u03bc\u03b5 \u03ba\u03c1\u03ad\u03bc\u03b1.\t\t\t<\/div>\n\t\t\t\n            <div class=\"mkdf-rml-line\"><\/div>\n\n            \n\t\t\t\t\t<\/div>\n\t<\/div>\n\n<\/li><li class=\"mkdf-rml-item clearfix\">\n\t\t<div class=\"mkdf-rml-item-content\">\n\t\t<div class=\"mkdf-rml-top-holder\">\n\t\t\t<div class=\"mkdf-rml-title-holder\">\n\t\t\t\t<h5 class=\"mkdf-rml-title\">\n\t\t\t\t\t\u0392\u03a5\u0396\u0391\u039d\u03a4\u0399\u039d\u039f\t\t\t\t<\/h5>\n\t\t\t<\/div>\n\t\t<\/div>\n\t\t<div class=\"mkdf-rml-bottom-holder clearfix\">\n\t\t\t\t\t\t<div class=\"mkdf-rml-description-holder\">\n\t\t\t\t\u03ba\u03b1\u03c1\u03c5\u03b4\u03cc\u03c0\u03b9\u03c4\u03b1 \u03c3\u03b9\u03c1\u03bf\u03c0\u03b9\u03b1\u03c3\u03bc\u03ad\u03bd\u03b7 \u03bc\u03b5 \u03c3\u03b9\u03c1\u03cc\u03c0\u03b9 \u03c3\u03bf\u03ba\u03bf\u03bb\u03ac\u03c4\u03b1\u03c2 \u03ba\u03b1\u03b9 \u03ba\u03c1\u03ad\u03bc\u03b1 \u03b2\u03b1\u03bd\u03af\u03bb\u03b9\u03b1\u03c2.\t\t\t<\/div>\n\t\t\t\n            <div class=\"mkdf-rml-line\"><\/div>\n\n            \n\t\t\t\t\t<\/div>\n\t<\/div>\n\n<\/li><li class=\"mkdf-rml-item clearfix\">\n\t\t<div class=\"mkdf-rml-item-content\">\n\t\t<div class=\"mkdf-rml-top-holder\">\n\t\t\t<div class=\"mkdf-rml-title-holder\">\n\t\t\t\t<h5 class=\"mkdf-rml-title\">\n\t\t\t\t\t\u039d\u039f\u03a5\u0393\u039a\u0391\u03a4\u0399\u039d\u0391\t\t\t\t<\/h5>\n\t\t\t<\/div>\n\t\t<\/div>\n\t\t<div class=\"mkdf-rml-bottom-holder clearfix\">\n\t\t\t\t\t\t<div class=\"mkdf-rml-description-holder\">\n\t\t\t\t\u03a0\u03b1\u03bd\u03c4\u03b5\u03c3\u03c0\u03ac\u03bd\u03b9 \u03b1\u03c0\u03cc \u03c0\u03bf\u03cd\u03b4\u03c1\u03b1 \u03b1\u03bc\u03c5\u03b3\u03b4\u03ac\u03bb\u03bf\u03c5 \u03ba\u03b1\u03b9 \u03b1\u03c3\u03c0\u03c1\u03ac\u03b4\u03b9 \u03b1\u03c5\u03b3\u03bf\u03cd.\t\t\t<\/div>\n\t\t\t\n            <div class=\"mkdf-rml-line\"><\/div>\n\n            \n\t\t\t\t\t<\/div>\n\t<\/div>\n\n<\/li><li class=\"mkdf-rml-item clearfix\">\n\t\t<div class=\"mkdf-rml-item-content\">\n\t\t<div class=\"mkdf-rml-top-holder\">\n\t\t\t<div class=\"mkdf-rml-title-holder\">\n\t\t\t\t<h5 class=\"mkdf-rml-title\">\n\t\t\t\t\tBANOFFEE\t\t\t\t<\/h5>\n\t\t\t<\/div>\n\t\t<\/div>\n\t\t<div class=\"mkdf-rml-bottom-holder clearfix\">\n\t\t\t\t\t\t<div class=\"mkdf-rml-description-holder\">\n\t\t\t\t\u03a4\u03ac\u03c1\u03c4\u03b1 \u03ba\u03b1\u03ba\u03ac\u03bf, \u03b3\u03ba\u03b1\u03bd\u03ac\u03b6 \u03c3\u03bf\u03ba\u03bf\u03bb\u03ac\u03c4\u03b1\u03c2, \u03c6\u03c1\u03ad\u03c3\u03ba\u03b9\u03b1 \u03bc\u03c0\u03b1\u03bd\u03ac\u03bd\u03b1, \u03ba\u03c1\u03ad\u03bc\u03b1 \u03bc\u03c0\u03b9\u03c3\u03ba\u03cc\u03c4\u03bf-\u03bc\u03c0\u03b1\u03bd\u03ac\u03bd\u03b1\u03c2, toffy caramel, \u03b3\u03ba\u03b1\u03bd\u03ac\u03b6 \u03c3\u03bf\u03ba\u03bf\u03bb\u03ac\u03c4\u03b1\u03c2.\t\t\t<\/div>\n\t\t\t\n            <div class=\"mkdf-rml-line\"><\/div>\n\n            \n\t\t\t\t\t<\/div>\n\t<\/div>\n\n<\/li><\/ul><\/div>[\/vc_column][\/vc_row][vc_row row_content_width=&#8221;grid&#8221; css=&#8221;.vc_custom_1728030030943{padding-top: 128px !important;padding-bottom: 136px !important;}&#8221; parallax_background_image=&#8221;5611&#8243;][vc_column width=&#8221;1\/2&#8243; offset=&#8221;vc_col-lg-5 vc_col-md-6 vc_col-xs-12&#8243;][vc_column_text]<\/p>\n<h3>delight menu<\/h3>\n<p>[\/vc_column_text][vc_empty_space height=&#8221;21px&#8221;]<div class=\"mkdf-separator-holder clearfix  mkdf-separator-left mkdf-separator-advanced-left mkdf-separator-advanced\">\n\t<div class=\"mkdf-separator\" >\n                    <div class=\"mkdf-adv-sep-inner\">\n                <div class=\"mkdf-adv-sep-line\"  ><\/div>\n                <div class=\"mkdf-adv-sep-dot\"  ><\/div>\n            <\/div>\n            <\/div>\n<\/div>\n[vc_empty_space height=&#8221;11px&#8221;]<div class=\"mkdf-restaurant-menu-list mkdf-rml-light\"><ul class=\"mkdf-rml-holder\"><li class=\"mkdf-rml-item clearfix\">\n\t\t<div class=\"mkdf-rml-item-content\">\n\t\t<div class=\"mkdf-rml-top-holder\">\n\t\t\t<div class=\"mkdf-rml-title-holder\">\n\t\t\t\t<h5 class=\"mkdf-rml-title\">\n\t\t\t\t\t\u03a0\u03a1\u039f\u03a6\u0399\u03a4\u0395\u03a1\u039f\u039b\t\t\t\t<\/h5>\n\t\t\t<\/div>\n\t\t<\/div>\n\t\t<div class=\"mkdf-rml-bottom-holder clearfix\">\n\t\t\t\t\t\t<div class=\"mkdf-rml-description-holder\">\n\t\t\t\t\u03a3\u03bf\u03c5\u03b4\u03ac\u03ba\u03b9, \u03c6\u03b9\u03bb\u03ad \u03b1\u03bc\u03cd\u03b3\u03b4\u03b1\u03bb\u03bf, \u03ba\u03c1\u03ad\u03bc\u03b1 patisserie, \u03c3\u03bf\u03ba\u03bf\u03bb\u03ac\u03c4\u03b1.\t\t\t<\/div>\n\t\t\t\n            <div class=\"mkdf-rml-line\"><\/div>\n\n            \n\t\t\t\t\t<\/div>\n\t<\/div>\n\n<\/li><li class=\"mkdf-rml-item clearfix\">\n\t\t<div class=\"mkdf-rml-item-content\">\n\t\t<div class=\"mkdf-rml-top-holder\">\n\t\t\t<div class=\"mkdf-rml-title-holder\">\n\t\t\t\t<h5 class=\"mkdf-rml-title\">\n\t\t\t\t\t\u0392\u03a1\u0391\u03a7\u0391\u039a\u0399 \u039c\u0391\u03a5\u03a1\u039f\t\t\t\t<\/h5>\n\t\t\t<\/div>\n\t\t<\/div>\n\t\t<div class=\"mkdf-rml-bottom-holder clearfix\">\n\t\t\t\t\t\t<div class=\"mkdf-rml-description-holder\">\n\t\t\t\t\u03b2\u03ac\u03c3\u03b7 \u03b1\u03c0\u03cc \u03ba\u03b1\u03c1\u03c5\u03b4\u03ac\u03c4\u03bf \u03ba\u03b1\u03b9 \u03ba\u03c1\u03ad\u03bc\u03b1 \u03b2\u03bf\u03c5\u03c4\u03cd\u03c1\u03bf\u03c5 \u03bc\u03b1\u03cd\u03c1\u03b7.\t\t\t<\/div>\n\t\t\t\n            <div class=\"mkdf-rml-line\"><\/div>\n\n            \n\t\t\t\t\t<\/div>\n\t<\/div>\n\n<\/li><li class=\"mkdf-rml-item clearfix\">\n\t\t<div class=\"mkdf-rml-item-content\">\n\t\t<div class=\"mkdf-rml-top-holder\">\n\t\t\t<div class=\"mkdf-rml-title-holder\">\n\t\t\t\t<h5 class=\"mkdf-rml-title\">\n\t\t\t\t\t\u039c\u03a0\u0391\u039d\u0391\u039d\u0391\u039a\u0399\t\t\t\t<\/h5>\n\t\t\t<\/div>\n\t\t<\/div>\n\t\t<div class=\"mkdf-rml-bottom-holder clearfix\">\n\t\t\t\t\t\t<div class=\"mkdf-rml-description-holder\">\n\t\t\t\t\u03c3\u03b9\u03c1\u03bf\u03c0\u03b9\u03b1\u03c3\u03bc\u03ad\u03bd\u03bf \u03ba\u03c9\u03ba\u03ac\u03ba\u03b9, \u03ba\u03c1\u03ad\u03bc\u03b1 \u03b2\u03bf\u03c5\u03c4\u03cd\u03c1\u03bf\u03c5 \u03b2\u03b1\u03bd\u03af\u03bb\u03b9\u03b1\u03c2, \u03b2\u03bf\u03c5\u03c4\u03b7\u03b3\u03bc\u03ad\u03bd\u03bf \u03c3\u03c4\u03b7 \u03bb\u03b5\u03c5\u03ba\u03ae \u03c3\u03bf\u03ba\u03bf\u03bb\u03ac\u03c4\u03b1.\t\t\t<\/div>\n\t\t\t\n            <div class=\"mkdf-rml-line\"><\/div>\n\n            \n\t\t\t\t\t<\/div>\n\t<\/div>\n\n<\/li><li class=\"mkdf-rml-item clearfix\">\n\t\t<div class=\"mkdf-rml-item-content\">\n\t\t<div class=\"mkdf-rml-top-holder\">\n\t\t\t<div class=\"mkdf-rml-title-holder\">\n\t\t\t\t<h5 class=\"mkdf-rml-title\">\n\t\t\t\t\t\u03a7\u0399\u039f\u039d\u039f\u03a5\u039b\u0391\t\t\t\t<\/h5>\n\t\t\t<\/div>\n\t\t<\/div>\n\t\t<div class=\"mkdf-rml-bottom-holder clearfix\">\n\t\t\t\t\t\t<div class=\"mkdf-rml-description-holder\">\n\t\t\t\t\u03c8\u03c9\u03bc\u03ac\u03ba\u03b9 \u03c3\u03b1\u03bd \u03c4\u03bf \u03ba\u03c9\u03ba\u03ac\u03ba\u03b9 \u03c3\u03b9\u03c1\u03bf\u03c0\u03b9\u03b1\u03c3\u03bc\u03ad\u03bd\u03bf, \u03b5\u03bb\u03b1\u03c6\u03c1\u03b9\u03ac \u03ba\u03c1\u03ad\u03bc\u03b1 patisserie, \u03c3\u03b1\u03bd\u03c4\u03b9\u03b3\u03cd \u03ba\u03b1\u03b9 \u03b9\u03bd\u03b4\u03bf\u03ba\u03ac\u03c1\u03c5\u03b4\u03bf.\t\t\t<\/div>\n\t\t\t\n            <div class=\"mkdf-rml-line\"><\/div>\n\n            \n\t\t\t\t\t<\/div>\n\t<\/div>\n\n<\/li><li class=\"mkdf-rml-item clearfix\">\n\t\t<div class=\"mkdf-rml-item-content\">\n\t\t<div class=\"mkdf-rml-top-holder\">\n\t\t\t<div class=\"mkdf-rml-title-holder\">\n\t\t\t\t<h5 class=\"mkdf-rml-title\">\n\t\t\t\t\t\u03a1\u0391\u03a6\u0391\u0395\u039b\u039f\t\t\t\t<\/h5>\n\t\t\t<\/div>\n\t\t<\/div>\n\t\t<div class=\"mkdf-rml-bottom-holder clearfix\">\n\t\t\t\t\t\t<div class=\"mkdf-rml-description-holder\">\n\t\t\t\t\u0399\u03bd\u03b4\u03bf\u03ba\u03ac\u03c1\u03c5\u03b4\u03bf, \u03c7\u03c5\u03bc\u03cc \u03c0\u03bf\u03c1\u03c4\u03bf\u03ba\u03ac\u03bb\u03b9 \u03ba\u03b1\u03b9 \u03c3\u03b9\u03c1\u03cc\u03c0\u03b9 \u03b3\u03bb\u03c5\u03ba\u03cc\u03b6\u03b7\u03c2.\t\t\t<\/div>\n\t\t\t\n            <div class=\"mkdf-rml-line\"><\/div>\n\n            \n\t\t\t\t\t<\/div>\n\t<\/div>\n\n<\/li><\/ul><\/div>[\/vc_column][\/vc_row]<\/p>\n<\/div>","protected":false},"excerpt":{"rendered":"<p>[vc_row row_content_width=&#8221;grid&#8221; css=&#8221;.vc_custom_1728029955906{padding-top: 128px !important;padding-bottom: 136px !important;}&#8221; parallax_background_image=&#8221;5609&#8243;][vc_column width=&#8221;7\/12&#8243; offset=&#8221;vc_col-lg-5 vc_col-md-6 vc_col-xs-12&#8243;][vc_column_text] cake menu [\/vc_column_text][vc_empty_space height=&#8221;21px&#8221;][vc_empty_space height=&#8221;11px&#8221;][\/vc_column][\/vc_row][vc_row row_content_width=&#8221;grid&#8221; css=&#8221;.vc_custom_1728030001608{padding-top: 128px !important;padding-bottom: 136px !important;}&#8221; parallax_background_image=&#8221;5612&#8243;][vc_column width=&#8221;7\/12&#8243; offset=&#8221;vc_col-lg-offset-7 vc_col-lg-5 vc_col-md-offset-6 vc_col-md-6 vc_col-sm-offset-5 vc_col-xs-12&#8243;][vc_column_text] True Delight [\/vc_column_text][vc_empty_space height=&#8221;21px&#8221;][vc_empty_space height=&#8221;11px&#8221;][\/vc_column][\/vc_row][vc_row row_content_width=&#8221;grid&#8221; css=&#8221;.vc_custom_1728030030943{padding-top: 128px !important;padding-bottom: 136px !important;}&#8221; parallax_background_image=&#8221;5611&#8243;][vc_column width=&#8221;1\/2&#8243; offset=&#8221;vc_col-lg-5 vc_col-md-6 vc_col-xs-12&#8243;][vc_column_text] delight menu [\/vc_column_text][vc_empty_space height=&#8221;21px&#8221;][vc_empty_space height=&#8221;11px&#8221;][\/vc_column][\/vc_row]<\/p>\n","protected":false},"author":1,"featured_media":0,"parent":0,"menu_order":0,"comment_status":"closed","ping_status":"closed","template":"full-width.php","meta":{"footnotes":""},"class_list":["post-1148","page","type-page","status-publish","hentry"],"_links":{"self":[{"href":"https:\/\/karalis-glyka.gr\/index.php\/wp-json\/wp\/v2\/pages\/1148","targetHints":{"allow":["GET"]}}],"collection":[{"href":"https:\/\/karalis-glyka.gr\/index.php\/wp-json\/wp\/v2\/pages"}],"about":[{"href":"https:\/\/karalis-glyka.gr\/index.php\/wp-json\/wp\/v2\/types\/page"}],"author":[{"embeddable":true,"href":"https:\/\/karalis-glyka.gr\/index.php\/wp-json\/wp\/v2\/users\/1"}],"replies":[{"embeddable":true,"href":"https:\/\/karalis-glyka.gr\/index.php\/wp-json\/wp\/v2\/comments?post=1148"}],"version-history":[{"count":10,"href":"https:\/\/karalis-glyka.gr\/index.php\/wp-json\/wp\/v2\/pages\/1148\/revisions"}],"predecessor-version":[{"id":5620,"href":"https:\/\/karalis-glyka.gr\/index.php\/wp-json\/wp\/v2\/pages\/1148\/revisions\/5620"}],"wp:attachment":[{"href":"https:\/\/karalis-glyka.gr\/index.php\/wp-json\/wp\/v2\/media?parent=1148"}],"curies":[{"name":"wp","href":"https:\/\/api.w.org\/{rel}","templated":true}]}}